2 + 135*n**3 - 36 + 14 - 266*n**3. Determine w(-11).
11
Let b(s) = -7*s**2 - s. Let j be b(-1). Let w(f) = 592636 - 197547 - 3*f - 197546 - 197544. Determine w(j).
17
Let i(h) = -520*h + 56 + 517*h - 53. Let t(o) be the third derivative of -o**6/120 + o**5/10 - o**4/6 - o**3/6 + 4*o**2. Let y be t(5). Give i(y).
-9
Let k be ((-14)/5)/(8/((-120)/(-4 + -2))). Let p(j) = -j - 16. Let y(n) = n + 17. Let q(t) = 7*p(t) + 6*y(t). Calculate q(k).
-3
Let o(s) be the second derivative of 5*s + 0*s**2 + 1/3*s**3 + 1. Give o(-2).
-4
Let y = 350 + -354. Let k(r) be the second derivative of -r**4/6 - r**3 - 3*r**2/2 - 21*r - 1. Determine k(y).
-11
Let q(t) be the second derivative of -t**4/12 + 4*t - 6. Let c(v) = 7*v**2 + 2*v - 4. Let n(m) = c(m) + 6*q(m). Determine n(-3).
-1
Let n(a) be the third derivative of -a**4/6 - 44*a**3/3 + 1725*a**2. Calculate n(-23).
4
Let u(c) = -c**3 - 4*c**2 + 16*c + 57. Let o = -12047 + 12042. Determine u(o).
2
Let p(i) = -7*i**3 - i**2 + 2*i - 3. Let x be p(2). Let h = -50 - x. Let u be (1 + 4/12)/(2/h). Let a(n) = -n**2 + 8*n - 2. Give a(u).
10
Let t(l) = -2*l**3 - 58*l**2 + 60*l + 37. Suppose 0 = 240*n - 196*n + 1076 + 244. Calculate t(n).
37
Let q(o) be the third derivative of 13*o**6/60 - o**5/15 - o**4/6 - o**3/3 + 2*o**2 + 37*o - 28. Give q(-1).
-28
Let m(p) = p**2 + 2*p - 9. Let j be m(4). Let r = -12 + j. Let h = 4 - r. Let f(t) = -2*t**3 + t**2 + t - 1. Give f(h).
-1
Suppose h = 2*v - 15, -4*v + 3*v - 4*h = -21. Let l(o) = v*o**2 - 22*o**2 + 5*o**2 + 10*o**2 + o. Calculate l(-2).
6
Suppose -3*m + 10 = 25. Let c(q) = -1942*q - 16. Let b(o) = -555*o - 5. Let l(j) = 7*b(j) - 2*c(j). What is l(m)?
2
Let f(t) = t**3 + 3*t**2 - t - 2. Let r be (-3)/(-6) + (-57)/(-2). Let y = 31 - r. Let b be 2 + (-5)/2*y. Determine f(b).
1
Let h(z) = 9*z - 703. Let u(q) = -140. Let f(a) = -h(a) + 5*u(a). Calculate f(-4).
39
Let g = 259 + -175. Let m = g - -27. Let h(t) = t**2 + 112 - m - 4*t + 0*t. Calculate h(4).
1
Let o(s) = 51*s + 7. Let r = 11789 - 11787. What is o(r)?
109
Let l be ((-4)/(-16) + 1)*4. Let w(y) = -y**2 - y. Let j(r) = -6*r**2. Let b(i) = l*w(i) - j(i). Let n = 1374 + -1368. Give b(n).
6
Let b(j) = j**3 - 51*j**2 + 4*j - 25. Let a(i) = -i**3 + 58*i**2 - 4*i + 25. Let q(z) = -6*a(z) - 7*b(z). Calculate q(9).
-11
Let a(b) be the third derivative of -b**4/12 - b**3/6 + 45*b**2. Let j(y) = 7*y + 5. Let o(f) = -4*a(f) - j(f). What is o(0)?
-1
Let d(h) = -165*h - h**3 + 2*h**2 - 153*h + 483*h - 164*h - 7. Determine d(-2).
7
Let t be 0 - -2 - (-16 + 20). Let u(v) = v. Let p(h) = 7*h + 1. Let x(m) = -2*p(m) + 6*u(m). Determine x(t).
14
Let k(f) be the third derivative of f**4/24 - f**3/6 + 217*f**2 - 15*f. Suppose 0 = -5*y + 18 + 17. What is k(y)?
6
Suppose 0*w - 5*w + 2*j = -16, -25 = -5*w + 5*j. Let a(t) = -5 + 4*t**2 + 864*t - 875*t - 2*t**w - 3*t**2. What is a(-10)?
5
Suppose 4*j - 3*j = -3*n - 8, 4*j - n = 7. Let b be (-6)/9 + (-91)/21. Let f be -5 - (-2 - b - j). Let i(w) = -w - 7. Calculate i(f).
0
Let b(k) = -37*k**2 - 36*k - 151. Let o(m) = -15*m**2 - 18*m - 76. Let q(h) = 2*b(h) - 5*o(h). Give q(-7).
1
Suppose 153*c - 140*c = -156. Let j(p) = -p**2 - 10*p - 7. What is j(c)?
-31
Let n(z) = z**2 + 26*z + 63. Let s = -4189 + 4160. What is n(s)?
150
Let a(n) = -11*n**2 + 15299 - 15289 + 10*n**2 + 2*n. What is a(0)?
10
Let d = -10080 - -10071. Let l(h) = -h**3 - 5*h**2 - 2*h - 14. Let i(c) = c**3 + 4*c**2 + 2*c + 15. Let v(a) = 4*i(a) + 5*l(a). What is v(d)?
8
Let k(m) = -2*m - 15. Let p be ((-52)/(-10))/((-5)/25). Let s = -37 - p. Give k(s).
7
Let v(b) = -37*b - 39*b + 77*b - 1290*b**2 + 1288*b**2 + 64*b**3. Determine v(1).
63
Let r(v) = -77*v + 74. Let h(n) = -27*n + 24. Let u(d) = -17*h(d) + 6*r(d). Calculate u(12).
0
Let u = -80 - -86. Let x be (-4)/14 - 10/(-35). Suppose 0 = i - 4*m - 8 - u, x = -3*m - 12. Let d(c) = -c. What is d(i)?
2
Suppose -206*b + 20 = -204*b. Let c be (-6 - 3 - -4)/((-25)/b). Let l(o) = 3*o**2 - 4*o + 2. Give l(c).
6
Let c(p) be the third derivative of 13*p**5/30 - 41*p**4/12 - p**3/3 + 30*p**2. Let r be c(3). Let o(f) = f**3 + 14*f**2 + f. What is o(r)?
-14
Let v(b) be the first derivative of b**2/2 - 19*b + 2. Let j be (2/3 + 832/(-24))*(-53)/106. Calculate v(j).
-2
Let k(y) = -37*y - 522. Suppose 6*u - 7*u - 11 = m, -2*m + 6 = 0. Determine k(u).
-4
Let w(h) = h**2 + 2*h + 1. Let v be w(-4). Suppose 122*s - r = 119*s + 14, 0 = 3*s - 5*r - 22. Let d(p) = -26*p + s*p + 11*p - 3 + v*p. What is d(-5)?
7
Suppose -j - 21 = -8*j. Let c(h) = 3 - j*h + 6*h - 14*h + 6*h. Let m be (26/65)/(2/10). Calculate c(m).
-7
Let r(g) = g - 5. Let s(c) = c + 1. Suppose -8 - 16 = -24*m. Let p(k) = m*r(k) + s(k). Give p(3).
2
Let b(r) be the third derivative of 0*r**4 - 1/120*r**6 + 1/15*r**5 + 3 - 2/3*r**3 + 16*r**2 + 0*r. Calculate b(3).
5
Let t = 42 - 40. Let m(p) = 8*p + 0 + t + 6*p - 8*p. Give m(-2).
-10
Let g(p) = -3 - 1133*p - 5 + 0 - 6*p**3 + 1132*p - 12*p**2 + 5*p**3. What is g(-12)?
4
Suppose u = -4*v - 5, -7*v - u - 5 = -12*v. Let r(i) = 0*i + 0*i + 2*i + v*i - i + 1 - 9*i**3. Give r(-1).
9
Let v(y) be the second derivative of -y**4/2 + 28*y**3/3 + 19*y**2/2 + 7*y - 897. Give v(10).
-21
Let i(r) = -r**2 - 11*r - 15. Let j be (-12)/((-27)/((-243)/12)). Calculate i(j).
3
Let t be -12 + 7/(28/32). Let q(m) = 7*m + 28. Calculate q(t).
0
Suppose -16*d = 4*d. Let j(g) = 143*g - 2 + d + 5 - 144*g. Determine j(-3).
6
Let b(u) = -u**2 - 7*u + 5. Let o be 155/(-93)*(4 - 38/5). Determine b(o).
-73
Let k(i) be the first derivative of 4/3*i**3 + 1/4*i**4 - 3*i + 2 - 7/2*i**2. Let m(j) = j**2 - 13*j + 25. Let a be m(3). What is k(a)?
7
Let i(s) be the second derivative of -s**5/20 + s**4/4 + s**3/2 - s**2/2 + 50*s - 8. What is i(3)?
8
Suppose 7*f - 12 = 16. Let q(p) = 7*p**2 - 2*p**2 - p - f*p**2 - 10 + 4. Let x = 521 + -516. What is q(x)?
14
Let u(x) = -2249*x - 232. Let g(p) = -845*p - 77. Let o(a) = -8*g(a) + 3*u(a). Give o(6).
-2
Let h be (0 + 4 - 0)*-1. Let c(z) = -z - 16. Calculate c(h).
-12
Let c be (72/20 - 4)*-10. Let v(n) = 15*n**3 + 3*n**2 - 13*n - 37. Let f(j) = -7*j**3 - j**2 + 6*j + 17. Let s(l) = -13*f(l) - 6*v(l). Determine s(c).
-15
Let r be 3/1*15/(-9). Let o(z) = -z**3 - 6*z**2 - 19*z - 2. Let b(w) be the first derivative of -3*w**2/2 - w - 61. Let v(u) = -5*b(u) + o(u). Give v(r).
-2
Let l(t) = 7*t + 32. Suppose -j + 4*x + 13 = 0, 3*j - 75 = x - 58. What is l(j)?
67
Let u(p) be the third derivative of -p**5/120 + p**4/12 - 2*p**3/3 + 2*p**2. Let q(f) be the first derivative of u(f). Let c be (0 - -1)*(-46)/23. Give q(c).
4
Let c(d) = -2*d**2 - d - 3. Let j = -11133 - -11135. Calculate c(j).
-13
Let x(p) = 2*p**3 - 35*p**2 + 98*p + 8. Let f(d) = d**3 - 17*d**2 + 50*d + 4. Let a(y) = 9*f(y) - 5*x(y). What is a(20)?
-4
Let l(u) be the first derivative of u**3 - u**2/2 + 2*u - 4157. Suppose 0*b = 2*b - 10. Suppose 0 = -5*h, 4*c - b*h = -0*h + 12. What is l(c)?
26
Let j(q) = q**3 - 8*q**2 + q - 7. Suppose -2*f + b + 2 = -27, 3*f - 43 = b. Let y be 63/f*(-12)/1. Let z be (-6)/(-21) + y/(-7). What is j(z)?
1
Let h(b) = -2*b**3 - b**2 + 3*b**3 - 4*b**2 + 4 + 2*b. Suppose -3*a + 47 + 79 = 5*g, 0 = -5*g - 2*a + 124. Suppose g = 4*w - 2*m, w + 4*w - 4 = -4*m. Give h(w).
-4
Let c(f) = f**2 + 22*f + 121. Let j(z) = -z**3 - 15*z**2 + 218*z - 28. Let v be j(9). Give c(v).
1
Suppose -2*v - 65 - 285 = 0. Let r = -173 - v. Let d(z) = 2*z + 3. Let a(f) = 3*f + 6. Let k(n) = 3*a(n) - 5*d(n). Give k(r).
1
Let g(r) = -128 - 2*r + 411 - 134 - 133. Determine g(3).
10
Suppose 1367*m - 1365*m - 22 = 0. Let w(d) = -3*d**2 - 27*d - 25. Let o(i) = 0*i**2 - 2*i**2 + 3*i**2 + 9*i + 8. Let c(x) = m*o(x) + 4*w(x). Calculate c(-8).
-4
Let y(n) = 8*n + 9. Let s(p) = 16*p + 20. Let q(l) = 3*s(l) - 7*y(l). Suppose -6*x + 2*x - 16 = 0. Give q(x).
29
Let v(f) = 3*f - 3. Let n(w) = 3*w**2 - 25*w + 66. Let q be n(9). Let k = 87 - q. What is v(k)?
6
Let x(f) = 7*f + 130 - 117462*f**2 + 117460*f**2 + 15*f. Give x(15).
10
Let t(u) be the first derivative of u**3/3 - 5*u**2 + 8*u + 2. Suppose 5*p - 22 = -45*z + 47*z, 4*p - 59 = -3*z. What is t(z)?
-1
Let g(y) = -61*y**2 + 4*y - 3. Let s(f) = 98*f**2 - 6*f + 5. Let i(r) = -8*g(r) - 5*s(r). Let j = 10 - 5. Suppose 1 = j*x - 3*b, 2*b = x + 4*b + 5. Give i(x).
-1
Let v(j) = -j**2 - 6*j - 9. 